{"id":184,"date":"2019-11-13T12:02:22","date_gmt":"2019-11-13T12:02:22","guid":{"rendered":"https:\/\/www.billigparfume.dk\/blog\/?page_id=184"},"modified":"2021-01-27T22:11:21","modified_gmt":"2021-01-27T22:11:21","slug":"5-dufte-som-kvinder-elsker-pa-maend","status":"publish","type":"page","link":"https:\/\/www.billigparfume.dk\/blog\/5-dufte-som-kvinder-elsker-pa-maend\/","title":{"rendered":"5 dufte som kvinder elsker p\u00e5 m\u00e6nd"},"content":{"rendered":"\n<p>Tiltr\u00e6k hendes opm\u00e6rksomhed med sexede, st\u00e6rke og dragende dufte. Her f\u00e5r du 5 dufte, som kvinder ELSKER at dufte p\u00e5 m\u00e6nd.<\/p>\n\n\n\n<p style=\"text-align:left\"><strong><a href=\"https:\/\/www.billigparfume.dk\/produkter\/valentino-uomo-100-ml-edt-.html\">Valentino Uomo for Men Eau de Toillette Spray <\/a><\/strong><\/p>\n\n\n\n<p style=\"text-align:left\">Valentino har med deres herreduft Valentino Uomo skabt en tidsl\u00f8s, stilren, unik og ren duft til m\u00e6nd. B\u00e5de flakon og duftnoter emmer af det eksklusive. Med noter af bergamot, cedertr\u00e6, l\u00e6dernoter og myrtel er den et hit b\u00e5de til casual dagligdag og til fest. En forf\u00f8rende og st\u00e6rk duft, der fanger kvinders opm\u00e6rksomhed.<\/p>\n\n\n\n<figure class=\"wp-block-image\"><a href=\"https:\/\/www.billigparfume.dk\/brands\/valentino.html\"><img loading=\"lazy\" decoding=\"async\" width=\"996\" height=\"912\" src=\"https:\/\/www.billigparfume.dk\/blog\/wp-content\/uploads\/2019\/11\/Sk\u00e6rmbillede-2019-11-13-kl.-12.35.47.png\" alt=\"Valentino Uomo Eau deToilette fra BilligParfume.dk\" class=\"wp-image-185\" srcset=\"https:\/\/www.billigparfume.dk\/blog\/wp-content\/uploads\/2019\/11\/Sk\u00e6rmbillede-2019-11-13-kl.-12.35.47.png 996w, https:\/\/www.billigparfume.dk\/blog\/wp-content\/uploads\/2019\/11\/Sk\u00e6rmbillede-2019-11-13-kl.-12.35.47-300x275.png 300w, https:\/\/www.billigparfume.dk\/blog\/wp-content\/uploads\/2019\/11\/Sk\u00e6rmbillede-2019-11-13-kl.-12.35.47-768x703.png 768w\" sizes=\"auto, (max-width: 996px) 100vw, 996px\" \/><\/a><\/figure>\n\n\n\n<p><a href=\"https:\/\/www.billigparfume.dk\/produkter\/paco-rabanne-invictus-100-ml-edt.html\">Paco Rabanne &#8211; Invictus<\/a><\/p>\n\n\n\n<p>Paco Rabanne lancerer nu endnu en parfume til m\u00e6nd, Invictus. Invictus betyder uovervindelig og kendetegner duften. Duften er en frisk og sporty kreation der signalerer Power dynamik og energi. En st\u00e6rk duft &#8211; der tiltr\u00e6kker opm\u00e6rksomhed.<\/p>\n\n\n\n<figure class=\"wp-block-image\"><img loading=\"lazy\" decoding=\"async\" width=\"992\" height=\"928\" src=\"https:\/\/www.billigparfume.dk\/blog\/wp-content\/uploads\/2019\/11\/Sk\u00e6rmbillede-2019-11-13-kl.-12.40.42.png\" alt=\"\" class=\"wp-image-188\" srcset=\"https:\/\/www.billigparfume.dk\/blog\/wp-content\/uploads\/2019\/11\/Sk\u00e6rmbillede-2019-11-13-kl.-12.40.42.png 992w, https:\/\/www.billigparfume.dk\/blog\/wp-content\/uploads\/2019\/11\/Sk\u00e6rmbillede-2019-11-13-kl.-12.40.42-300x281.png 300w, https:\/\/www.billigparfume.dk\/blog\/wp-content\/uploads\/2019\/11\/Sk\u00e6rmbillede-2019-11-13-kl.-12.40.42-768x718.png 768w\" sizes=\"auto, (max-width: 992px) 100vw, 992px\" \/><\/figure>\n\n\n\n<p><a href=\"https:\/\/www.billigparfume.dk\/produkter\/hugo-boss-the-scent-50-ml-edt-.html\">Hugo Boss &#8211; The Scent<\/a><\/p>\n\n\n\n<p>Hugo Boss The Scent er en forf\u00f8rende og uimodst\u00e5elig duft der omfavner sanserne og efterlader et varigt minde. Duften indeholder uds\u00f8gte og eksotiske noter af ingef\u00e6r, maninka og l\u00e6der der kombineret med hinanden giver en fristende og s\u00e6rdeles tiltr\u00e6kkende duft der udvikler sig over tid. Hugo Boss The Scent er til den nysgerrige og enest\u00e5ende mand &#8211; som ikke er bange for opm\u00e6rksomhed fra det modsatte k\u00f8n. <\/p>\n\n\n\n<figure class=\"wp-block-image\"><img loading=\"lazy\" decoding=\"async\" width=\"1024\" height=\"899\" src=\"https:\/\/www.billigparfume.dk\/blog\/wp-content\/uploads\/2019\/11\/Sk\u00e6rmbillede-2019-11-13-kl.-12.46.38-1024x899.png\" alt=\"\" class=\"wp-image-189\" srcset=\"https:\/\/www.billigparfume.dk\/blog\/wp-content\/uploads\/2019\/11\/Sk\u00e6rmbillede-2019-11-13-kl.-12.46.38-1024x899.png 1024w, https:\/\/www.billigparfume.dk\/blog\/wp-content\/uploads\/2019\/11\/Sk\u00e6rmbillede-2019-11-13-kl.-12.46.38-300x263.png 300w, https:\/\/www.billigparfume.dk\/blog\/wp-content\/uploads\/2019\/11\/Sk\u00e6rmbillede-2019-11-13-kl.-12.46.38-768x674.png 768w, https:\/\/www.billigparfume.dk\/blog\/wp-content\/uploads\/2019\/11\/Sk\u00e6rmbillede-2019-11-13-kl.-12.46.38.png 1050w\" sizes=\"auto, (max-width: 1024px) 100vw, 1024px\" \/><\/figure>\n\n\n\n<p>&nbsp;<a href=\"https:\/\/www.billigparfume.dk\/produkter\/dolce-gabbana-the-one-for-men-50-ml-edt.html\">Dolce &amp; Gabbana &#8211; The One For Men<\/a><\/p>\n\n\n\n<p>Dolce &amp; Gabbana The One for men til m\u00e6nd er en sensuel og maskulin duft, med varme og orientalske duftnoter. Ligesom dens pendant til kvinder, The One Edp, blev det lyn hurtigt en bestseller. Kvinder elsker denne forf\u00f8rende duft.<\/p>\n\n\n\n<figure class=\"wp-block-image\"><img loading=\"lazy\" decoding=\"async\" width=\"1024\" height=\"987\" src=\"https:\/\/www.billigparfume.dk\/blog\/wp-content\/uploads\/2019\/11\/Sk\u00e6rmbillede-2019-11-13-kl.-12.50.30-1024x987.png\" alt=\"\" class=\"wp-image-191\" srcset=\"https:\/\/www.billigparfume.dk\/blog\/wp-content\/uploads\/2019\/11\/Sk\u00e6rmbillede-2019-11-13-kl.-12.50.30-1024x987.png 1024w, https:\/\/www.billigparfume.dk\/blog\/wp-content\/uploads\/2019\/11\/Sk\u00e6rmbillede-2019-11-13-kl.-12.50.30-300x289.png 300w, https:\/\/www.billigparfume.dk\/blog\/wp-content\/uploads\/2019\/11\/Sk\u00e6rmbillede-2019-11-13-kl.-12.50.30-768x740.png 768w, https:\/\/www.billigparfume.dk\/blog\/wp-content\/uploads\/2019\/11\/Sk\u00e6rmbillede-2019-11-13-kl.-12.50.30.png 1044w\" sizes=\"auto, (max-width: 1024px) 100vw, 1024px\" \/><\/figure>\n\n\n\n<p><a href=\"https:\/\/www.billigparfume.dk\/produkter\/yves-saint-laurent-ysl-l-homme-100-ml-edt.html\">Yves Saint Laurent &#8211; YSL L`homme<\/a><\/p>\n\n\n\n<p>Lanceret af YSL i 2006 &#8211; g\u00e5r aldrig af mode. Klassisk, unik og elegant duft til m\u00e6nd. Sensuelle, friske og maskuline duftnoter af ingef\u00e6r, bergamot, lemon og krydret med hvid peber, basilikum og violblade. Den varme bund fra tonkab\u00f8nner, vetiver og cedertr\u00e6 &#8211; duften der f\u00e5r kvinder helt t\u00e6t p\u00e5.<\/p>\n\n\n\n<figure class=\"wp-block-image\"><img loading=\"lazy\" decoding=\"async\" width=\"950\" height=\"1024\" src=\"https:\/\/www.billigparfume.dk\/blog\/wp-content\/uploads\/2019\/11\/Sk\u00e6rmbillede-2019-11-13-kl.-12.55.39-950x1024.png\" alt=\"\" class=\"wp-image-192\" srcset=\"https:\/\/www.billigparfume.dk\/blog\/wp-content\/uploads\/2019\/11\/Sk\u00e6rmbillede-2019-11-13-kl.-12.55.39-950x1024.png 950w, https:\/\/www.billigparfume.dk\/blog\/wp-content\/uploads\/2019\/11\/Sk\u00e6rmbillede-2019-11-13-kl.-12.55.39-278x300.png 278w, https:\/\/www.billigparfume.dk\/blog\/wp-content\/uploads\/2019\/11\/Sk\u00e6rmbillede-2019-11-13-kl.-12.55.39-768x828.png 768w, https:\/\/www.billigparfume.dk\/blog\/wp-content\/uploads\/2019\/11\/Sk\u00e6rmbillede-2019-11-13-kl.-12.55.39.png 1154w\" sizes=\"auto, (max-width: 950px) 100vw, 950px\" \/><\/figure>\n","protected":false},"excerpt":{"rendered":"<p>Tiltr\u00e6k hendes opm\u00e6rksomhed med sexede, st\u00e6rke og dragende dufte. Her f\u00e5r du 5 dufte, som kvinder ELSKER at dufte p\u00e5 m\u00e6nd. Valentino Uomo for Men Eau de Toillette Spray Valentino har med deres herreduft Valentino Uomo skabt en tidsl\u00f8s, stilren, unik og ren duft til m\u00e6nd. B\u00e5de flakon og duftnoter emmer af det eksklusive. Med [&hellip;]<\/p>\n","protected":false},"author":3,"featured_media":194,"parent":0,"menu_order":0,"comment_status":"closed","ping_status":"closed","template":"","meta":{"footnotes":""},"class_list":["post-184","page","type-page","status-publish","has-post-thumbnail","hentry","entry"],"yoast_head":"<!-- This site is optimized with the Yoast SEO plugin v26.6 - https:\/\/yoast.com\/wordpress\/plugins\/seo\/ -->\n<title>5 dufte som kvinder elsker p\u00e5 m\u00e6nd - BilligParfume.dk - Magazine<\/title>\n<meta name=\"robots\" content=\"index, follow, max-snippet:-1, max-image-preview:large, max-video-preview:-1\" \/>\n<link rel=\"canonical\" href=\"https:\/\/www.billigparfume.dk\/blog\/5-dufte-som-kvinder-elsker-pa-maend\/\" \/>\n<meta property=\"og:locale\" content=\"da_DK\" \/>\n<meta property=\"og:type\" content=\"article\" \/>\n<meta property=\"og:title\" content=\"5 dufte som kvinder elsker p\u00e5 m\u00e6nd - BilligParfume.dk - Magazine\" \/>\n<meta property=\"og:description\" content=\"Tiltr\u00e6k hendes opm\u00e6rksomhed med sexede, st\u00e6rke og dragende dufte. Her f\u00e5r du 5 dufte, som kvinder ELSKER at dufte p\u00e5 m\u00e6nd. Valentino Uomo for Men Eau de Toillette Spray Valentino har med deres herreduft Valentino Uomo skabt en tidsl\u00f8s, stilren, unik og ren duft til m\u00e6nd. B\u00e5de flakon og duftnoter emmer af det eksklusive. Med [&hellip;]\" \/>\n<meta property=\"og:url\" content=\"https:\/\/www.billigparfume.dk\/blog\/5-dufte-som-kvinder-elsker-pa-maend\/\" \/>\n<meta property=\"og:site_name\" content=\"BilligParfume.dk - Magazine\" \/>\n<meta property=\"article:modified_time\" content=\"2021-01-27T22:11:21+00:00\" \/>\n<meta property=\"og:image\" content=\"https:\/\/www.billigparfume.dk\/blog\/wp-content\/uploads\/2019\/11\/5-dufte-kvinder-elsker-p\u00e5-m\u00e6nd.png\" \/>\n\t<meta property=\"og:image:width\" content=\"558\" \/>\n\t<meta property=\"og:image:height\" content=\"385\" \/>\n\t<meta property=\"og:image:type\" content=\"image\/png\" \/>\n<meta name=\"twitter:card\" content=\"summary_large_image\" \/>\n<meta name=\"twitter:label1\" content=\"Estimeret l\u00e6setid\" \/>\n\t<meta name=\"twitter:data1\" content=\"2 minutter\" \/>\n<script type=\"application\/ld+json\" class=\"yoast-schema-graph\">{\"@context\":\"https:\/\/schema.org\",\"@graph\":[{\"@type\":\"WebPage\",\"@id\":\"https:\/\/www.billigparfume.dk\/blog\/5-dufte-som-kvinder-elsker-pa-maend\/\",\"url\":\"https:\/\/www.billigparfume.dk\/blog\/5-dufte-som-kvinder-elsker-pa-maend\/\",\"name\":\"5 dufte som kvinder elsker p\u00e5 m\u00e6nd - BilligParfume.dk - Magazine\",\"isPartOf\":{\"@id\":\"https:\/\/www.billigparfume.dk\/blog\/#website\"},\"primaryImageOfPage\":{\"@id\":\"https:\/\/www.billigparfume.dk\/blog\/5-dufte-som-kvinder-elsker-pa-maend\/#primaryimage\"},\"image\":{\"@id\":\"https:\/\/www.billigparfume.dk\/blog\/5-dufte-som-kvinder-elsker-pa-maend\/#primaryimage\"},\"thumbnailUrl\":\"https:\/\/www.billigparfume.dk\/blog\/wp-content\/uploads\/2019\/11\/5-dufte-kvinder-elsker-p\u00e5-m\u00e6nd.png\",\"datePublished\":\"2019-11-13T12:02:22+00:00\",\"dateModified\":\"2021-01-27T22:11:21+00:00\",\"breadcrumb\":{\"@id\":\"https:\/\/www.billigparfume.dk\/blog\/5-dufte-som-kvinder-elsker-pa-maend\/#breadcrumb\"},\"inLanguage\":\"da-DK\",\"potentialAction\":[{\"@type\":\"ReadAction\",\"target\":[\"https:\/\/www.billigparfume.dk\/blog\/5-dufte-som-kvinder-elsker-pa-maend\/\"]}]},{\"@type\":\"ImageObject\",\"inLanguage\":\"da-DK\",\"@id\":\"https:\/\/www.billigparfume.dk\/blog\/5-dufte-som-kvinder-elsker-pa-maend\/#primaryimage\",\"url\":\"https:\/\/www.billigparfume.dk\/blog\/wp-content\/uploads\/2019\/11\/5-dufte-kvinder-elsker-p\u00e5-m\u00e6nd.png\",\"contentUrl\":\"https:\/\/www.billigparfume.dk\/blog\/wp-content\/uploads\/2019\/11\/5-dufte-kvinder-elsker-p\u00e5-m\u00e6nd.png\",\"width\":558,\"height\":385,\"caption\":\"5 parfumer til m\u00e6nd som kvinder elsker\"},{\"@type\":\"BreadcrumbList\",\"@id\":\"https:\/\/www.billigparfume.dk\/blog\/5-dufte-som-kvinder-elsker-pa-maend\/#breadcrumb\",\"itemListElement\":[{\"@type\":\"ListItem\",\"position\":1,\"name\":\"Hjem\",\"item\":\"https:\/\/www.billigparfume.dk\/blog\/\"},{\"@type\":\"ListItem\",\"position\":2,\"name\":\"5 dufte som kvinder elsker p\u00e5 m\u00e6nd\"}]},{\"@type\":\"WebSite\",\"@id\":\"https:\/\/www.billigparfume.dk\/blog\/#website\",\"url\":\"https:\/\/www.billigparfume.dk\/blog\/\",\"name\":\"BilligParfume.dk - Magazine\",\"description\":\"Alt om Parfume og Sk\u00f8nhed. L\u00e6s med n\u00e5r vi guider dig gennem duftenes verden. Vi tester makeup og sk\u00f8nhedsprodukter og f\u00f8lger de nyeste beauty og duft trends.\",\"potentialAction\":[{\"@type\":\"SearchAction\",\"target\":{\"@type\":\"EntryPoint\",\"urlTemplate\":\"https:\/\/www.billigparfume.dk\/blog\/?s={search_term_string}\"},\"query-input\":{\"@type\":\"PropertyValueSpecification\",\"valueRequired\":true,\"valueName\":\"search_term_string\"}}],\"inLanguage\":\"da-DK\"}]}<\/script>\n<!-- \/ Yoast SEO plugin. -->","yoast_head_json":{"title":"5 dufte som kvinder elsker p\u00e5 m\u00e6nd - BilligParfume.dk - Magazine","robots":{"index":"index","follow":"follow","max-snippet":"max-snippet:-1","max-image-preview":"max-image-preview:large","max-video-preview":"max-video-preview:-1"},"canonical":"https:\/\/www.billigparfume.dk\/blog\/5-dufte-som-kvinder-elsker-pa-maend\/","og_locale":"da_DK","og_type":"article","og_title":"5 dufte som kvinder elsker p\u00e5 m\u00e6nd - BilligParfume.dk - Magazine","og_description":"Tiltr\u00e6k hendes opm\u00e6rksomhed med sexede, st\u00e6rke og dragende dufte. Her f\u00e5r du 5 dufte, som kvinder ELSKER at dufte p\u00e5 m\u00e6nd. Valentino Uomo for Men Eau de Toillette Spray Valentino har med deres herreduft Valentino Uomo skabt en tidsl\u00f8s, stilren, unik og ren duft til m\u00e6nd. B\u00e5de flakon og duftnoter emmer af det eksklusive. Med [&hellip;]","og_url":"https:\/\/www.billigparfume.dk\/blog\/5-dufte-som-kvinder-elsker-pa-maend\/","og_site_name":"BilligParfume.dk - Magazine","article_modified_time":"2021-01-27T22:11:21+00:00","og_image":[{"width":558,"height":385,"url":"https:\/\/www.billigparfume.dk\/blog\/wp-content\/uploads\/2019\/11\/5-dufte-kvinder-elsker-p\u00e5-m\u00e6nd.png","type":"image\/png"}],"twitter_card":"summary_large_image","twitter_misc":{"Estimeret l\u00e6setid":"2 minutter"},"schema":{"@context":"https:\/\/schema.org","@graph":[{"@type":"WebPage","@id":"https:\/\/www.billigparfume.dk\/blog\/5-dufte-som-kvinder-elsker-pa-maend\/","url":"https:\/\/www.billigparfume.dk\/blog\/5-dufte-som-kvinder-elsker-pa-maend\/","name":"5 dufte som kvinder elsker p\u00e5 m\u00e6nd - BilligParfume.dk - Magazine","isPartOf":{"@id":"https:\/\/www.billigparfume.dk\/blog\/#website"},"primaryImageOfPage":{"@id":"https:\/\/www.billigparfume.dk\/blog\/5-dufte-som-kvinder-elsker-pa-maend\/#primaryimage"},"image":{"@id":"https:\/\/www.billigparfume.dk\/blog\/5-dufte-som-kvinder-elsker-pa-maend\/#primaryimage"},"thumbnailUrl":"https:\/\/www.billigparfume.dk\/blog\/wp-content\/uploads\/2019\/11\/5-dufte-kvinder-elsker-p\u00e5-m\u00e6nd.png","datePublished":"2019-11-13T12:02:22+00:00","dateModified":"2021-01-27T22:11:21+00:00","breadcrumb":{"@id":"https:\/\/www.billigparfume.dk\/blog\/5-dufte-som-kvinder-elsker-pa-maend\/#breadcrumb"},"inLanguage":"da-DK","potentialAction":[{"@type":"ReadAction","target":["https:\/\/www.billigparfume.dk\/blog\/5-dufte-som-kvinder-elsker-pa-maend\/"]}]},{"@type":"ImageObject","inLanguage":"da-DK","@id":"https:\/\/www.billigparfume.dk\/blog\/5-dufte-som-kvinder-elsker-pa-maend\/#primaryimage","url":"https:\/\/www.billigparfume.dk\/blog\/wp-content\/uploads\/2019\/11\/5-dufte-kvinder-elsker-p\u00e5-m\u00e6nd.png","contentUrl":"https:\/\/www.billigparfume.dk\/blog\/wp-content\/uploads\/2019\/11\/5-dufte-kvinder-elsker-p\u00e5-m\u00e6nd.png","width":558,"height":385,"caption":"5 parfumer til m\u00e6nd som kvinder elsker"},{"@type":"BreadcrumbList","@id":"https:\/\/www.billigparfume.dk\/blog\/5-dufte-som-kvinder-elsker-pa-maend\/#breadcrumb","itemListElement":[{"@type":"ListItem","position":1,"name":"Hjem","item":"https:\/\/www.billigparfume.dk\/blog\/"},{"@type":"ListItem","position":2,"name":"5 dufte som kvinder elsker p\u00e5 m\u00e6nd"}]},{"@type":"WebSite","@id":"https:\/\/www.billigparfume.dk\/blog\/#website","url":"https:\/\/www.billigparfume.dk\/blog\/","name":"BilligParfume.dk - Magazine","description":"Alt om Parfume og Sk\u00f8nhed. L\u00e6s med n\u00e5r vi guider dig gennem duftenes verden. Vi tester makeup og sk\u00f8nhedsprodukter og f\u00f8lger de nyeste beauty og duft trends.","potentialAction":[{"@type":"SearchAction","target":{"@type":"EntryPoint","urlTemplate":"https:\/\/www.billigparfume.dk\/blog\/?s={search_term_string}"},"query-input":{"@type":"PropertyValueSpecification","valueRequired":true,"valueName":"search_term_string"}}],"inLanguage":"da-DK"}]}},"_links":{"self":[{"href":"https:\/\/www.billigparfume.dk\/blog\/wp-json\/wp\/v2\/pages\/184","targetHints":{"allow":["GET"]}}],"collection":[{"href":"https:\/\/www.billigparfume.dk\/blog\/wp-json\/wp\/v2\/pages"}],"about":[{"href":"https:\/\/www.billigparfume.dk\/blog\/wp-json\/wp\/v2\/types\/page"}],"author":[{"embeddable":true,"href":"https:\/\/www.billigparfume.dk\/blog\/wp-json\/wp\/v2\/users\/3"}],"replies":[{"embeddable":true,"href":"https:\/\/www.billigparfume.dk\/blog\/wp-json\/wp\/v2\/comments?post=184"}],"version-history":[{"count":6,"href":"https:\/\/www.billigparfume.dk\/blog\/wp-json\/wp\/v2\/pages\/184\/revisions"}],"predecessor-version":[{"id":230,"href":"https:\/\/www.billigparfume.dk\/blog\/wp-json\/wp\/v2\/pages\/184\/revisions\/230"}],"wp:featuredmedia":[{"embeddable":true,"href":"https:\/\/www.billigparfume.dk\/blog\/wp-json\/wp\/v2\/media\/194"}],"wp:attachment":[{"href":"https:\/\/www.billigparfume.dk\/blog\/wp-json\/wp\/v2\/media?parent=184"}],"curies":[{"name":"wp","href":"https:\/\/api.w.org\/{rel}","templated":true}]}}